{"id":170,"date":"2020-01-12T22:30:40","date_gmt":"2020-01-12T21:30:40","guid":{"rendered":"https:\/\/zeichenstation.bplaced.net\/Zeichenstation\/?page_id=170"},"modified":"2020-01-12T22:30:40","modified_gmt":"2020-01-12T21:30:40","slug":"pruefung-von-bestehenden-flucht-und-rettungsplaenen-feuerwehrplaenen-und-brandschutzordnungen","status":"publish","type":"page","link":"https:\/\/zeichenstation.de\/?page_id=170","title":{"rendered":"Pr\u00fcfung von bestehenden Flucht- und Rettungspl\u00e4nen, Feuerwehrpl\u00e4nen und Brandschutzordnungen"},"content":{"rendered":"\n<p class=\"has-text-align-center\"><strong>Pr\u00fcfung von\nbestehenden Flucht- und Rettungspl\u00e4nen, Feuerwehrpl\u00e4nen und Brandschutzordnungen<\/strong><\/p>\n\n\n\n<p class=\"has-text-align-center\">Wussten Sie, dass Flucht- und Rettungspl\u00e4ne, Feuerwehrpl\u00e4ne und die\nBrandschutzordnung alle 2 Jahre gepr\u00fcft werden m\u00fcssen? <br>\nNach\nbaulichen \u00c4nderungen bzw. Personalwechsel und daraus resultierendem\nAufgabenwechsel m\u00fcssen diese Pl\u00e4ne bzw. die Brandschutzordnung angepasst\nwerden. <br>\n<br>\n<\/p>\n","protected":false},"excerpt":{"rendered":"<p>Pr\u00fcfung von bestehenden Flucht- und Rettungspl\u00e4nen, Feuerwehrpl\u00e4nen und Brandschutzordnungen Wussten Sie, dass Flucht- und Rettungspl\u00e4ne, Feuerwehrpl\u00e4ne und die Brandschutzordnung alle 2 Jahre gepr\u00fcft werden m\u00fcssen? Nach baulichen \u00c4nderungen bzw. Personalwechsel und daraus resultierendem Aufgabenwechsel m\u00fcssen diese Pl\u00e4ne bzw. die Brandschutzordnung angepasst werden.<\/p>\n","protected":false},"author":1,"featured_media":0,"parent":0,"menu_order":0,"comment_status":"closed","ping_status":"closed","template":"","meta":{"footnotes":""},"class_list":["post-170","page","type-page","status-publish","hentry","entry"],"_links":{"self":[{"href":"https:\/\/zeichenstation.de\/index.php?rest_route=\/wp\/v2\/pages\/170","targetHints":{"allow":["GET"]}}],"collection":[{"href":"https:\/\/zeichenstation.de\/index.php?rest_route=\/wp\/v2\/pages"}],"about":[{"href":"https:\/\/zeichenstation.de\/index.php?rest_route=\/wp\/v2\/types\/page"}],"author":[{"embeddable":true,"href":"https:\/\/zeichenstation.de\/index.php?rest_route=\/wp\/v2\/users\/1"}],"replies":[{"embeddable":true,"href":"https:\/\/zeichenstation.de\/index.php?rest_route=%2Fwp%2Fv2%2Fcomments&post=170"}],"version-history":[{"count":1,"href":"https:\/\/zeichenstation.de\/index.php?rest_route=\/wp\/v2\/pages\/170\/revisions"}],"predecessor-version":[{"id":171,"href":"https:\/\/zeichenstation.de\/index.php?rest_route=\/wp\/v2\/pages\/170\/revisions\/171"}],"wp:attachment":[{"href":"https:\/\/zeichenstation.de\/index.php?rest_route=%2Fwp%2Fv2%2Fmedia&parent=170"}],"curies":[{"name":"wp","href":"https:\/\/api.w.org\/{rel}","templated":true}]}}